{"id":590,"date":"2020-07-16T08:24:39","date_gmt":"2020-07-16T11:24:39","guid":{"rendered":"http:\/\/celuladecarga.com.br\/17\/?page_id=590"},"modified":"2020-07-16T15:59:35","modified_gmt":"2020-07-16T18:59:35","slug":"inscricao-4a-aula-on-line","status":"publish","type":"page","link":"http:\/\/celuladecarga.com.br\/17\/inscricao-4a-aula-on-line\/","title":{"rendered":"Inscri\u00e7\u00e3o 4\u00aa aula on-line"},"content":{"rendered":"<style type=\"text\/css\"><!-- #header-top {display:none} #masthead {display:none;} .nav-primary.search-enabled {display:none} #supplementary, #supplementary a, #supplementary .widget-title, #supplementary .entry-title, #supplementary .widget-title a, #supplementary .entry-title a {display:none} #site-generator {display:none} --><br \/><\/style>\n<h4 style=\"text-align: center;\">Aula para administra\u00e7\u00e3o e atualiza\u00e7\u00f5es do website na Plataforma WordPress.<\/h4>\n<p>Ol\u00e1, Seja bem-vindo \u00e0 inscri\u00e7\u00e3o da <span style=\"font-size: 14pt;\"><strong>4\u00aa aula<\/strong><\/span>. Grato pela prefer\u00eancia.<\/p>\n<p><span style=\"color: #808080;\">O valor da aula presencial \u00e9 de R$ 150,00\/h.<\/span><br \/>\n<span style=\"color: #c20000;\"><strong>A on-line R$ 97,00\/h<\/strong><\/span><br \/>\n<span style=\"color: #c20000;\"><strong>Antes de efetuar o preenchimento da ficha abaixo, fa\u00e7a dep\u00f3sito \/ transfer\u00eancia para:<\/strong><\/span><\/p>\n<ul>\n<li>Marcos Aur\u00e9lio Correia Cairo<\/li>\n<li>CPF: 073936348-48<\/li>\n<li>Banco Ita\u00fa<\/li>\n<li>Ag\u00eancia: 7348<\/li>\n<li>C\/C: 00325-7<\/li>\n<\/ul>\n<p><strong>Ficha de Inscri\u00e7\u00e3o:<\/strong><\/p>\n\n<div class=\"wpcf7 no-js\" id=\"wpcf7-f593-o1\" lang=\"pt-BR\" dir=\"ltr\" data-wpcf7-id=\"593\">\n<div class=\"screen-reader-response\"><p role=\"status\" aria-live=\"polite\" aria-atomic=\"true\"><\/p> <ul><\/ul><\/div>\n<form action=\"\/17\/wp-json\/wp\/v2\/pages\/590#wpcf7-f593-o1\" method=\"post\" class=\"wpcf7-form init\" aria-label=\"Formul\u00e1rios de contato\" enctype=\"multipart\/form-data\" novalidate=\"novalidate\" data-status=\"init\">\n<fieldset class=\"hidden-fields-container\"><input type=\"hidden\" name=\"_wpcf7\" value=\"593\" \/><input type=\"hidden\" name=\"_wpcf7_version\" value=\"6.1.1\" \/><input type=\"hidden\" name=\"_wpcf7_locale\" value=\"pt_BR\" \/><input type=\"hidden\" name=\"_wpcf7_unit_tag\" value=\"wpcf7-f593-o1\" \/><input type=\"hidden\" name=\"_wpcf7_container_post\" value=\"0\" \/><input type=\"hidden\" name=\"_wpcf7_posted_data_hash\" value=\"\" \/>\n<\/fieldset>\n<p><label> Nome (obrigat\u00f3rio)<br \/>\n<span class=\"wpcf7-form-control-wrap\" data-name=\"your-name\"><input size=\"40\" maxlength=\"400\" class=\"wpcf7-form-control wpcf7-text wpcf7-validates-as-required\" aria-required=\"true\" aria-invalid=\"false\" value=\"\" type=\"text\" name=\"your-name\" \/><\/span> <\/label>\n<\/p>\n<p><label> e-mail (obrigat\u00f3rio)<br \/>\n<span class=\"wpcf7-form-control-wrap\" data-name=\"your-email\"><input size=\"40\" maxlength=\"400\" class=\"wpcf7-form-control wpcf7-email wpcf7-validates-as-required wpcf7-text wpcf7-validates-as-email\" aria-required=\"true\" aria-invalid=\"false\" value=\"\" type=\"email\" name=\"your-email\" \/><\/span> <\/label>\n<\/p>\n<p><label> Telefone (obrigat\u00f3rio)<br \/>\n<span class=\"wpcf7-form-control-wrap\" data-name=\"tel-961\"><input size=\"40\" maxlength=\"400\" class=\"wpcf7-form-control wpcf7-tel wpcf7-validates-as-required wpcf7-text wpcf7-validates-as-tel\" aria-required=\"true\" aria-invalid=\"false\" value=\"\" type=\"tel\" name=\"tel-961\" \/><\/span> <\/label>\n<\/p>\n<p><label> Assunto: Inscri\u00e7\u00e3o 2\u00aa Aula on-line<br \/>\n<span class=\"wpcf7-form-control-wrap\" data-name=\"your-subject\"><input size=\"40\" maxlength=\"400\" class=\"wpcf7-form-control wpcf7-text\" aria-invalid=\"false\" value=\"\" type=\"text\" name=\"your-subject\" \/><\/span> <\/label>\n<\/p>\n<p><label> Obs.:<br \/>\n<span class=\"wpcf7-form-control-wrap\" data-name=\"your-message\"><textarea cols=\"40\" rows=\"10\" maxlength=\"2000\" class=\"wpcf7-form-control wpcf7-textarea\" aria-invalid=\"false\" name=\"your-message\"><\/textarea><\/span> <\/label>\n<\/p>\n<p><label> Enviar comprovante:<br \/>\n<span class=\"wpcf7-form-control-wrap\" data-name=\"file-821\"><input size=\"40\" class=\"wpcf7-form-control wpcf7-file wpcf7-validates-as-required\" accept=\".jpg,.jpeg,.png,.gif,.pdf\" aria-required=\"true\" aria-invalid=\"false\" type=\"file\" name=\"file-821\" \/><\/span> <\/label>\n<\/p>\n<p><label> Enviar comprovante:<br \/>\n<span class=\"wpcf7-form-control-wrap\" data-name=\"checkbox-174\"><span class=\"wpcf7-form-control wpcf7-checkbox wpcf7-validates-as-required\"><span class=\"wpcf7-list-item first last\"><input type=\"checkbox\" name=\"checkbox-174[]\" value=\"Aceito e Concordo com as informa\u00e7\u00f5es desta ficha de inscri\u00e7\u00e3o.\" \/><span class=\"wpcf7-list-item-label\">Aceito e Concordo com as informa\u00e7\u00f5es desta ficha de inscri\u00e7\u00e3o.<\/span><\/span><\/span><\/span> <\/label>\n<\/p>\n<p><input class=\"wpcf7-form-control wpcf7-submit has-spinner\" type=\"submit\" value=\"Enviar\" \/>\n<\/p><div class=\"wpcf7-response-output\" aria-hidden=\"true\"><\/div>\n<\/form>\n<\/div>\n\n<p><span style=\"color: #ff0000;\"><em><strong>Obs.: As aulas ser\u00e3o ministradas via aplicativo Google Hangouts com dura\u00e7\u00e3o de 01 hora no valor de R$ 97,00\/hora. Em casos pr\u00e9 acordados este per\u00edodo poder\u00e1 ser estendido.<\/strong><\/em><\/span><\/p>\n<hr \/>\n<p style=\"text-align: center;\"><strong>Engecom T. I. Ltda &#8211; Cria\u00e7\u00e3o de Websites, Logotipos e M\u00eddia Digital<br \/>\nDesenvolvimento e Assessoria<br \/>\nS\u00e3o Paulo &#8211; SP<\/strong><\/p>\n","protected":false},"excerpt":{"rendered":"<p>Aula para administra\u00e7\u00e3o e atualiza\u00e7\u00f5es do website na Plataforma WordPress. Ol\u00e1, Seja bem-vindo \u00e0 inscri\u00e7\u00e3o da 4\u00aa aula. Grato pela prefer\u00eancia. O valor da aula presencial \u00e9 de R$ 150,00\/h. A on-line R$ 97,00\/h Antes de efetuar o preenchimento da ficha abaixo, fa\u00e7a dep\u00f3sito \/ transfer\u00eancia para: Marcos Aur\u00e9lio Correia Cairo CPF: 073936348-48 Banco Ita\u00fa [&hellip;]<\/p>\n","protected":false},"author":1,"featured_media":0,"parent":0,"menu_order":0,"comment_status":"closed","ping_status":"closed","template":"","meta":{"om_disable_all_campaigns":false,"_monsterinsights_skip_tracking":false,"_monsterinsights_sitenote_active":false,"_monsterinsights_sitenote_note":"","_monsterinsights_sitenote_category":0,"_joinchat":[],"footnotes":""},"class_list":["post-590","page","type-page","status-publish","hentry"],"aioseo_notices":[],"_links":{"self":[{"href":"http:\/\/celuladecarga.com.br\/17\/wp-json\/wp\/v2\/pages\/590","targetHints":{"allow":["GET"]}}],"collection":[{"href":"http:\/\/celuladecarga.com.br\/17\/wp-json\/wp\/v2\/pages"}],"about":[{"href":"http:\/\/celuladecarga.com.br\/17\/wp-json\/wp\/v2\/types\/page"}],"author":[{"embeddable":true,"href":"http:\/\/celuladecarga.com.br\/17\/wp-json\/wp\/v2\/users\/1"}],"replies":[{"embeddable":true,"href":"http:\/\/celuladecarga.com.br\/17\/wp-json\/wp\/v2\/comments?post=590"}],"version-history":[{"count":4,"href":"http:\/\/celuladecarga.com.br\/17\/wp-json\/wp\/v2\/pages\/590\/revisions"}],"predecessor-version":[{"id":597,"href":"http:\/\/celuladecarga.com.br\/17\/wp-json\/wp\/v2\/pages\/590\/revisions\/597"}],"wp:attachment":[{"href":"http:\/\/celuladecarga.com.br\/17\/wp-json\/wp\/v2\/media?parent=590"}],"curies":[{"name":"wp","href":"https:\/\/api.w.org\/{rel}","templated":true}]}}