{"id":670,"date":"2020-09-08T10:06:23","date_gmt":"2020-09-08T13:06:23","guid":{"rendered":"http:\/\/celuladecarga.com.br\/17\/?page_id=670"},"modified":"2020-09-08T11:19:13","modified_gmt":"2020-09-08T14:19:13","slug":"670-2","status":"publish","type":"page","link":"http:\/\/celuladecarga.com.br\/17\/670-2\/","title":{"rendered":"Pesagem Industrial"},"content":{"rendered":"<style type=\"text\/css\">\n<!-- figure {display:none;} --><br \/><\/style>\n<div class=\" accordion-b9ih7v style1 magee-shortcode panel-group magee-accordion accordion-simple\" role=\"tablist\" aria-multiselectable=\"no\" id=\"accordion-b9ih7v\"> <div class=\"panel panel-default \" id=\"panelaccordion-b9ih7v-1\"><div class=\"panel-heading\" role=\"tab\" id=\"headingcollapseaccordion-b9ih7v-1\">\r\n\t\t\t\t<a class=\"accordion-toggle collapsed\" data-toggle=\"collapse\" data-parent=\"#accordion-b9ih7v\" href=\"#collapseaccordion-b9ih7v-1\" aria-expanded=\"false\" aria-controls=\"collapseaccordion-b9ih7v-1\">\r\n\t\t\t\t\t<h4 class=\"panel-title\">\r\n\t\t\t\t\t\t\tSistemas de Pesagem para Tanques, Silos e Misturadores\r\n\t\t\t\t\t<\/h4>\r\n\t\t\t\t<\/a>\r\n\t\t\t<\/div>\r\n\t\t\t<div id=\"collapseaccordion-b9ih7v-1\" class=\"panel-collapse collapse \" role=\"tabpanel\" aria-labelledby=\"headingcollapseaccordion-b9ih7v-1\" aria-expanded=\"false\">\r\n\t\t\t\t<div class=\"panel-body\">\r\n\t\t\t\t\t\n<p>Os Sistemas de Pesagem s\u00e3o normalmente aplicados para pesagem e\/ou controle de invent\u00e1rio por peso de silos, tanques, reatores, misturadores, moegas, entre outros recipientes de armazenamento ou processo de manipula\u00e7\u00e3o de produtos l\u00edquidos, pastosos, granulados ou p\u00f3s.<\/p>\n<p>Para melhor atend\u00ea-lo, temos parceria com a equipe da<strong> <a href=\"http:\/\/gappesagem.com.br\/\" target=\"_blank\" rel=\"noopener noreferrer\">GAP Solu\u00e7\u00f5es Industriais<\/a><\/strong>.<\/p>\n<p><a href=\"http:\/\/gappesagem.com.br\/sistemas-de-pesagem-para-tanques-e-silos\/\" target=\"_blank\" rel=\"noopener noreferrer\"><strong><em>Saiba mais<\/em><\/strong><\/a><\/p>\n\r\n\t\t\t\t\t<div class=\"clear\"><\/div>\r\n\t\t\t\t<\/div>\r\n\t\t\t<\/div>\r\n\t\t<\/div> <\/div>\n<div class=\" accordion-8wz29b style1 magee-shortcode panel-group magee-accordion accordion-simple\" role=\"tablist\" aria-multiselectable=\"no\" id=\"accordion-8wz29b\"> <div class=\"panel panel-default \" id=\"panelaccordion-8wz29b-1\"><div class=\"panel-heading\" role=\"tab\" id=\"headingcollapseaccordion-8wz29b-1\">\r\n\t\t\t\t<a class=\"accordion-toggle collapsed\" data-toggle=\"collapse\" data-parent=\"#accordion-8wz29b\" href=\"#collapseaccordion-8wz29b-1\" aria-expanded=\"false\" aria-controls=\"collapseaccordion-8wz29b-1\">\r\n\t\t\t\t\t<h4 class=\"panel-title\">\r\n\t\t\t\t\t\t\tSistemas de Pesagem Embarcados em Ve\u00edculos\r\n\t\t\t\t\t<\/h4>\r\n\t\t\t\t<\/a>\r\n\t\t\t<\/div>\r\n\t\t\t<div id=\"collapseaccordion-8wz29b-1\" class=\"panel-collapse collapse \" role=\"tabpanel\" aria-labelledby=\"headingcollapseaccordion-8wz29b-1\" aria-expanded=\"false\">\r\n\t\t\t\t<div class=\"panel-body\">\r\n\t\t\t\t\t\n<ul>\n<li>Customizada para caminh\u00f5es e carretas<\/li>\n<li>Indica\u00e7\u00e3o do peso da carga<\/li>\n<li>Monitoramento de sobrecarga<\/li>\n<\/ul>\n<p>Para melhor atend\u00ea-lo, temos parceria com a equipe da<strong> <a href=\"http:\/\/gappesagem.com.br\/\" target=\"_blank\" rel=\"noopener noreferrer\">GAP Solu\u00e7\u00f5es Industriais<\/a><\/strong>.<\/p>\n<p><a href=\"http:\/\/gappesagem.com.br\/contato\/\" target=\"_blank\" rel=\"noopener noreferrer\"><strong><em>Fa\u00e7a Contato<\/em><\/strong><\/a><\/p>\n\r\n\t\t\t\t\t<div class=\"clear\"><\/div>\r\n\t\t\t\t<\/div>\r\n\t\t\t<\/div>\r\n\t\t<\/div> <\/div>\n<div class=\" accordion-gcca0g style1 magee-shortcode panel-group magee-accordion accordion-simple\" role=\"tablist\" aria-multiselectable=\"no\" id=\"accordion-gcca0g\"> <div class=\"panel panel-default \" id=\"panelaccordion-gcca0g-1\"><div class=\"panel-heading\" role=\"tab\" id=\"headingcollapseaccordion-gcca0g-1\">\r\n\t\t\t\t<a class=\"accordion-toggle collapsed\" data-toggle=\"collapse\" data-parent=\"#accordion-gcca0g\" href=\"#collapseaccordion-gcca0g-1\" aria-expanded=\"false\" aria-controls=\"collapseaccordion-gcca0g-1\">\r\n\t\t\t\t\t<h4 class=\"panel-title\">\r\n\t\t\t\t\t\t\tSistemas de Dosagem\r\n\t\t\t\t\t<\/h4>\r\n\t\t\t\t<\/a>\r\n\t\t\t<\/div>\r\n\t\t\t<div id=\"collapseaccordion-gcca0g-1\" class=\"panel-collapse collapse \" role=\"tabpanel\" aria-labelledby=\"headingcollapseaccordion-gcca0g-1\" aria-expanded=\"false\">\r\n\t\t\t\t<div class=\"panel-body\">\r\n\t\t\t\t\t\n<p>Para melhor atend\u00ea-lo, temos parceria com a equipe da<strong> <a href=\"http:\/\/gappesagem.com.br\/\" target=\"_blank\" rel=\"noopener noreferrer\">GAP Solu\u00e7\u00f5es Industriais<\/a><\/strong>.<\/p>\n<p><a href=\"http:\/\/gappesagem.com.br\/contato\/\" target=\"_blank\" rel=\"noopener noreferrer\"><strong><em>Fa\u00e7a Contato<\/em><\/strong><\/a><\/p>\n\r\n\t\t\t\t\t<div class=\"clear\"><\/div>\r\n\t\t\t\t<\/div>\r\n\t\t\t<\/div>\r\n\t\t<\/div> <\/div>\n<div class=\" accordion-f1q6tc style1 magee-shortcode panel-group magee-accordion accordion-simple\" role=\"tablist\" aria-multiselectable=\"no\" id=\"accordion-f1q6tc\"> <div class=\"panel panel-default \" id=\"panelaccordion-f1q6tc-1\"><div class=\"panel-heading\" role=\"tab\" id=\"headingcollapseaccordion-f1q6tc-1\">\r\n\t\t\t\t<a class=\"accordion-toggle collapsed\" data-toggle=\"collapse\" data-parent=\"#accordion-f1q6tc\" href=\"#collapseaccordion-f1q6tc-1\" aria-expanded=\"false\" aria-controls=\"collapseaccordion-f1q6tc-1\">\r\n\t\t\t\t\t<h4 class=\"panel-title\">\r\n\t\t\t\t\t\t\tSistemas de envase e de ensaque (Checkweighing-pesagem em Sistemas Cont\u00ednuos)\r\n\t\t\t\t\t<\/h4>\r\n\t\t\t\t<\/a>\r\n\t\t\t<\/div>\r\n\t\t\t<div id=\"collapseaccordion-f1q6tc-1\" class=\"panel-collapse collapse \" role=\"tabpanel\" aria-labelledby=\"headingcollapseaccordion-f1q6tc-1\" aria-expanded=\"false\">\r\n\t\t\t\t<div class=\"panel-body\">\r\n\t\t\t\t\t\n<p>Para melhor atend\u00ea-lo, temos parceria com a equipe da<strong> <a href=\"http:\/\/gappesagem.com.br\/\" target=\"_blank\" rel=\"noopener noreferrer\">GAP Solu\u00e7\u00f5es Industriais<\/a><\/strong>.<\/p>\n<p><a href=\"http:\/\/gappesagem.com.br\/contato\/\" target=\"_blank\" rel=\"noopener noreferrer\"><strong><em>Fa\u00e7a Contato<\/em><\/strong><\/a><\/p>\n\r\n\t\t\t\t\t<div class=\"clear\"><\/div>\r\n\t\t\t\t<\/div>\r\n\t\t\t<\/div>\r\n\t\t<\/div> <\/div>\n<div class=\" accordion-e39ynz style1 magee-shortcode panel-group magee-accordion accordion-simple\" role=\"tablist\" aria-multiselectable=\"no\" id=\"accordion-e39ynz\"> <div class=\"panel panel-default \" id=\"panelaccordion-e39ynz-1\"><div class=\"panel-heading\" role=\"tab\" id=\"headingcollapseaccordion-e39ynz-1\">\r\n\t\t\t\t<a class=\"accordion-toggle collapsed\" data-toggle=\"collapse\" data-parent=\"#accordion-e39ynz\" href=\"#collapseaccordion-e39ynz-1\" aria-expanded=\"false\" aria-controls=\"collapseaccordion-e39ynz-1\">\r\n\t\t\t\t\t<h4 class=\"panel-title\">\r\n\t\t\t\t\t\t\tBalan\u00e7as\r\n\t\t\t\t\t<\/h4>\r\n\t\t\t\t<\/a>\r\n\t\t\t<\/div>\r\n\t\t\t<div id=\"collapseaccordion-e39ynz-1\" class=\"panel-collapse collapse \" role=\"tabpanel\" aria-labelledby=\"headingcollapseaccordion-e39ynz-1\" aria-expanded=\"false\">\r\n\t\t\t\t<div class=\"panel-body\">\r\n\t\t\t\t\t\n<ul>\n<li>Integradoras<\/li>\n<li>Big-Bag<\/li>\n<li>Carga Viva<\/li>\n<li>Rodovi\u00e1rias<\/li>\n<li>Ferrovi\u00e1rias<\/li>\n<li>Industriais de bancada e de plataforma (piso)<\/li>\n<li>Especiais customizadas<\/li>\n<li>Paleteiras<\/li>\n<\/ul>\n<p>Para melhor atend\u00ea-lo, temos parceria com a equipe da<strong> <a href=\"http:\/\/gappesagem.com.br\/\" target=\"_blank\" rel=\"noopener noreferrer\">GAP Solu\u00e7\u00f5es Industriais<\/a><\/strong>.<\/p>\n<p><a href=\"http:\/\/gappesagem.com.br\/contato\/\" target=\"_blank\" rel=\"noopener noreferrer\"><strong><em>Fa\u00e7a Contato<\/em><\/strong><\/a><\/p>\n\r\n\t\t\t\t\t<div class=\"clear\"><\/div>\r\n\t\t\t\t<\/div>\r\n\t\t\t<\/div>\r\n\t\t<\/div> <\/div>\n","protected":false},"excerpt":{"rendered":"","protected":false},"author":1,"featured_media":671,"parent":0,"menu_order":0,"comment_status":"closed","ping_status":"closed","template":"","meta":{"om_disable_all_campaigns":false,"_monsterinsights_skip_tracking":false,"_monsterinsights_sitenote_active":false,"_monsterinsights_sitenote_note":"","_monsterinsights_sitenote_category":0,"_joinchat":[],"footnotes":""},"class_list":["post-670","page","type-page","status-publish","has-post-thumbnail","hentry"],"aioseo_notices":[],"_links":{"self":[{"href":"http:\/\/celuladecarga.com.br\/17\/wp-json\/wp\/v2\/pages\/670","targetHints":{"allow":["GET"]}}],"collection":[{"href":"http:\/\/celuladecarga.com.br\/17\/wp-json\/wp\/v2\/pages"}],"about":[{"href":"http:\/\/celuladecarga.com.br\/17\/wp-json\/wp\/v2\/types\/page"}],"author":[{"embeddable":true,"href":"http:\/\/celuladecarga.com.br\/17\/wp-json\/wp\/v2\/users\/1"}],"replies":[{"embeddable":true,"href":"http:\/\/celuladecarga.com.br\/17\/wp-json\/wp\/v2\/comments?post=670"}],"version-history":[{"count":14,"href":"http:\/\/celuladecarga.com.br\/17\/wp-json\/wp\/v2\/pages\/670\/revisions"}],"predecessor-version":[{"id":685,"href":"http:\/\/celuladecarga.com.br\/17\/wp-json\/wp\/v2\/pages\/670\/revisions\/685"}],"wp:featuredmedia":[{"embeddable":true,"href":"http:\/\/celuladecarga.com.br\/17\/wp-json\/wp\/v2\/media\/671"}],"wp:attachment":[{"href":"http:\/\/celuladecarga.com.br\/17\/wp-json\/wp\/v2\/media?parent=670"}],"curies":[{"name":"wp","href":"https:\/\/api.w.org\/{rel}","templated":true}]}}